68612 is divided by 560?
52
Calculate the remainder when 9169322 is divided by 1777.
2
What is the remainder when 12782799 is divided by 2613?
3
Calculate the remainder when 48250056 is divided by 12062512.
8
Calculate the remainder when 758009 is divided by 165.
164
What is the remainder when 3141376949 is divided by 6150?
6149
Calculate the remainder when 348061 is divided by 527.
241
Calculate the remainder when 3672662 is divided by 734306.
1132
Calculate the remainder when 137254312 is divided by 504.
496
Calculate the remainder when 1527496 is divided by 10462.
44
What is the remainder when 844894 is divided by 238?
232
What is the remainder when 85040 is divided by 42510?
20
What is the remainder when 21036 is divided by 233?
66
What is the remainder when 139391 is divided by 69687?
17
Calculate the remainder when 8552561 is divided by 574.
535
What is the remainder when 2917093 is divided by 54?
13
What is the remainder when 11788081 is divided by 9?
7
Calculate the remainder when 868819 is divided by 54275.
419
What is the remainder when 5909728 is divided by 57376?
0
What is the remainder when 11899937 is divided by 314?
279
Calculate the remainder when 529187 is divided by 241.
192
What is the remainder when 838874 is divided by 119822?
120
Calculate the remainder when 3512522 is divided by 1239.
1196
Calculate the remainder when 185731102 is divided by 312.
310
What is the remainder when 111646236 is divided by 346?
340
Calculate the remainder when 216564758 is divided by 310.
308
What is the remainder when 613576 is divided by 836?
788
What is the remainder when 3760408 is divided by 1749?
58
What is the remainder when 165315119 is divided by 8?
7
What is the remainder when 916505 is divided by 94?
5
Calculate the remainder when 49886463 is divided by 5.
3
Calculate the remainder when 269223 is divided by 7954.
6741
Calculate the remainder when 9411 is divided by 8782.
629
What is the remainder when 17201523 is divided by 156?
27
Calculate the remainder when 7600533 is divided by 19.
1
What is the remainder when 15490537 is divided by 62?
23
What is the remainder when 59533658 is divided by 460?
458
What is the remainder when 123870787 is divided by 9642?
13
Calculate the remainder when 24843676 is divided by 215.
211
Calculate the remainder when 8392496 is divided by 60.
56
Calculate the remainder when 2276484 is divided by 455285.
59
Calculate the remainder when 49636 is divided by 554.
330
What is the remainder when 756395 is divided by 756325?
70
What is the remainder when 5167407 is divided by 3520?
47
Calculate the remainder when 5178643 is divided by 1035728.
3
What is the remainder when 814881 is divided by 1246?
1243
Calculate the remainder when 94544 is divided by 481.
268
What is the remainder when 737503 is divided by 178?
49
What is the remainder when 42578 is divided by 21155?
268
What is the remainder when 141604 is divided by 2955?
2719
What is the remainder when 2088941 is divided by 1832?
461
Calculate the remainder when 1414205 is divided by 252.
233
What is the remainder when 7303 is divided by 2089?
1036
What is the remainder when 497819 is divided by 55284?
263
What is the remainder when 2040780 is divided by 21?
0
What is the remainder when 262732 is divided by 3503?
7
What is the remainder when 39411 is divided by 3821?
1201
Calculate the remainder when 697584 is divided by 22502.
22
Calculate the remainder when 29852 is divided by 14658.
536
Calculate the remainder when 47153 is divided by 4701.
143
What is the remainder when 15934002 is divided by 6308?
6302
Calculate the remainder when 286955 is divided by 143458.
39
What is the remainder when 1248526 is divided by 13438?
12230
What is the remainder when 111694766 is divided by 7376?
7374
Calculate the remainder when 128326220 is divided by 573.
5
Calculate the remainder when 1239639 is divided by 637.
37
What is the remainder when 51928295 is divided by 3473?
3472
Calculate the remainder when 1706137 is divided by 87.
67
What is the remainder when 4131280 is divided by 23?
20
What is the remainder when 35177 is divided by 2511?
23
What is the remainder when 18875257 is divided by 496717?
11
Calculate the remainder when 3800788 is divided by 189.
187
What is the remainder when 78713 is divided by 1283?
450
What is the remainder when 3114124 is divided by 389244?
172
What is the remainder when 95053 is divided by 92507?
2546
What is the remainder when 2685644 is divided by 895207?
23
What is the remainder when 7902089 is divided by 1130?
1129
Calculate the remainder when 67597078 is divided by 153.
148
Calculate the remainder when 5870969 is divided by 489247.
5
Calculate the remainder when 2010731 is divided by 502677.
23
What is the remainder when 57629 is divided by 1695?
1694
Calculate the remainder when 8740649 is divided by 1271.
1253
What is the remainder when 378843092 is divided by 5306?
5304
Calculate the remainder when 106639 is divided by 2234.
1641
What is the remainder when 35934 is divided by 1329?
51
Calculate the remainder when 407222 is divided by 40721.
12
What is the remainder when 10463405 is divided by 5444?
37
Calculate the remainder when 78306390 is divided by 17.
4
Calculate the remainder when 14571216 is divided by 14571208.
8
Calculate the remainder when 2261695 is divided by 126.
121
What is the remainder when 16595430 is divided by 1482?
1476
Calculate the remainder when 895740 is divided by 10792.
4
What is the remainder when 129123 is divided by 7119?
981
What is the remainder when 135056 is divided by 134612?
444
Calculate the remainder when 1289744 is divided by 1289713.
31
What is the remainder when 157768 is divided by 22086?
3166
What is the remainder when 99311 is divided by 3408?
479
What is the remainder when 157459 is divided by 4892?
915
What is the remainder when 64364 is divided by 9126?
482
Calculate the remainder when 420933 is divided by 3262.
135
What is the remainder when 2813655 is divided by 145?
75
What is the remainder when 1337728 is divided by 20268?
40
Calculate the remainder when 58088067 is divided by 58088048.
19
What is the remainder when 80675079 is divided by 2?
1
Calculate the remainder when 316046 is divided by 4466.
3426
What is the remainder when 57911 is divided by 4736?
1079
Calculate the remainder when 3100535 is divided by 3426.
5
What is the remainder when 169263503 is divided by 22858?
13
What is the remainder when 13531088 is divided by 541243?
13
What is the remainder when 15683139 is divided by 373?
354
Calculate the remainder when 21738879 is divided by 17.
10
What is the remainder when 71608 is divided by 35647?
314
What is the remainder when 36686 is divided by 4065?
101
What is the remainder when 438701 is divided by 146134?
299
Calculate the remainder when 68614 is divided by 227.
60
Calculate the remainder when 4774132 is divided by 2196.
28
What is the remainder when 4924661 is divided by 30399?
23
What is the remainder when 1168876167 is divided by 6237?
6234
Calculate the remainder when 239743 is divided by 47933.
78
Calculate the remainder when 22344458 is divided by 14.
10
What is the remainder when 14864054 is divided by 957?
887
What is the remainder when 2743516 is divided by 6791?
6743
What is the remainder when 42267848 is divided by 13804?
0
Calculate the remainder when 165289 is divided by 3562.
1437
Calculate the remainder when 956523 is divided by 548.
263
Calculate the remainder when 262881 is divided by 262540.
341
Calculate the remainder when 3189760 is divided by 506.
442
What is the remainder when 5377734 is divided by 19275?
9
Calculate the remainder when 27118 is divided by 3731.
1001
Calculate the remainder when 2212145 is divided by 52670.
5
What is the remainder when 388891 is divided by 182?
139
What is the remainder when 1236986 is divided by 2079?
2060
Calculate the remainder when 5908980 is divided by 134.
116
Calculate the remainder when 81213964 is divided by 23.
21
Calculate the remainder when 48346 is divided by 79.
77
Calculate the remainder when 1703453174 is divided by 1825.
1824
Calculate the remainder when 2735606 is divided by 691.
628
Calculate the remainder when 307599 is divided by 10793.
5395
What is the remainder when 21898 is di